hest common factor of 5172 and 2008260.
12
What is the greatest common factor of 290910 and 150?
30
What is the highest common factor of 64 and 69698064?
16
Calculate the greatest common factor of 484 and 1467378.
22
What is the greatest common divisor of 80102126 and 30602?
2782
Calculate the greatest common factor of 8944 and 524428.
172
Calculate the greatest common divisor of 1968 and 157188096.
1968
What is the highest common divisor of 26 and 18564650?
26
What is the greatest common divisor of 86671 and 42968815?
6667
Calculate the highest common factor of 322347921 and 12807.
4269
What is the greatest common divisor of 588750 and 30772500?
3750
What is the greatest common factor of 8697 and 9015?
3
What is the highest common divisor of 6254097 and 171?
57
Calculate the greatest common factor of 294271376 and 7.
7
Calculate the highest common factor of 598449809 and 12279.
4093
Calculate the highest common divisor of 20881395 and 324.
81
What is the greatest common factor of 1172 and 14977574?
586
Calculate the highest common factor of 3235032 and 9928.
136
What is the highest common factor of 16665 and 5790?
15
Calculate the highest common factor of 7980 and 20381585.
665
Calculate the greatest common factor of 39659166 and 54.
54
Calculate the greatest common divisor of 3064212 and 148502.
3622
What is the greatest common divisor of 25312 and 183904?
224
Calculate the highest common factor of 18648 and 25524.
36
What is the highest common divisor of 4726 and 1716898?
34
What is the greatest common divisor of 10842 and 2799182?
278
Calculate the greatest common divisor of 198 and 67425039.
99
Calculate the highest common divisor of 312515658 and 3654.
3654
What is the highest common divisor of 30 and 146941248?
6
Calculate the highest common factor of 3728 and 18467114.
466
What is the highest common factor of 37881282 and 1713?
1713
What is the greatest common factor of 752 and 1350404?
188
What is the highest common divisor of 94999315 and 323?
17
Calculate the highest common divisor of 89596010 and 249.
83
What is the greatest common factor of 240329019 and 868?
217
Calculate the highest common factor of 12268599 and 29638.
511
Calculate the highest common factor of 744 and 61435152.
24
Calculate the greatest common factor of 1707684 and 3102.
66
Calculate the greatest common divisor of 114 and 15542.
38
What is the greatest common factor of 273534 and 1362?
6
Calculate the highest common factor of 83651260 and 10.
10
What is the greatest common factor of 102684582 and 1946?
1946
What is the highest common divisor of 18111990 and 3510?
390
What is the highest common factor of 34993984 and 32?
32
What is the greatest common factor of 4295026 and 190?
38
Calculate the highest common factor of 4049433 and 1233.
9
What is the greatest common divisor of 700234 and 1856?
58
What is the highest common divisor of 66324 and 136932?
12
Calculate the greatest common factor of 6679467 and 2556.
639
Calculate the greatest common factor of 190 and 2814698.
38
Calculate the greatest common factor of 172684 and 2484.
92
What is the highest common divisor of 75105 and 11025?
45
Calculate the highest common divisor of 76 and 227918775.
19
Calculate the highest common divisor of 305567 and 1922.
31
What is the greatest common divisor of 2786 and 3940598?
398
What is the greatest common factor of 89219358 and 666?
666
What is the greatest common factor of 4671152 and 1918?
274
Calculate the highest common factor of 39827296 and 80.
16
What is the greatest common divisor of 255559304 and 1352?
104
Calculate the greatest common factor of 16 and 3715007024.
16
What is the highest common divisor of 1455486 and 6624?
138
Calculate the greatest common factor of 1728 and 337481472.
192
What is the highest common factor of 682 and 104127760?
682
Calculate the greatest common factor of 8859770 and 600.
10
What is the greatest common factor of 10435896 and 5211?
1737
Calculate the greatest common divisor of 403832 and 546832.
1144
Calculate the greatest common factor of 26400028 and 4676.
668
What is the highest common factor of 13024 and 555962?
814
Calculate the greatest common factor of 90139617 and 12522.
6261
Calculate the highest common factor of 22 and 248429159.
11
Calculate the highest common divisor of 2056418 and 812.
14
Calculate the highest common divisor of 1664645 and 15579.
577
What is the greatest common factor of 330 and 17924235?
15
What is the highest common factor of 33900 and 3179100?
300
Calculate the highest common factor of 1166076 and 2129022.
1098
What is the greatest common factor of 1418604 and 8712?
1452
Calculate the highest common factor of 265525 and 24940825.
6175
What is the greatest common factor of 924 and 587356?
308
Calculate the highest common factor of 50354 and 374.
34
What is the highest common factor of 4640784 and 3597?
327
What is the highest common factor of 40987 and 239479?
17
What is the greatest common factor of 238341 and 819486?
159
What is the greatest common factor of 1020291 and 109701?
717
What is the greatest common factor of 985254 and 732?
6
Calculate the highest common divisor of 58652 and 160434548.
5332
What is the greatest common divisor of 23111927 and 25509?
773
What is the highest common divisor of 240516 and 6480?
108
Calculate the greatest common divisor of 7899142 and 451.
41
Calculate the greatest common divisor of 20821 and 14586218.
443
Calculate the highest common factor of 175 and 826743325.
25
Calculate the greatest common factor of 100380 and 600180.
420
Calculate the highest common divisor of 434365450 and 100.
50
Calculate the highest common factor of 42850140 and 420.
60
Calculate the greatest common divisor of 236 and 87057804.
236
What is the highest common divisor of 12202399 and 165?
11
Calculate the greatest common divisor of 153378 and 110862.
18
What is the highest common factor of 18496 and 288613896?
2312
What is the highest common divisor of 1880914 and 17544?
34
Calculate the greatest common factor of 768 and 41484.
12
Calculate the highest common factor of 546056 and 42924.
196
What is the highest common divisor of 4575392 and 864?
32
Calculate the highest common factor of 545853325 and 1065.
355
Calculate the highest common divisor of 255 and 349453785.
255
What is the highest common divisor of 38848 and 253632?
64
What is the highest common factor of 246442229 and 206?
103
What is the highest common divisor of 175290 and 7290?
30
Calculate the highest common divisor of 78464 and 797513.
613
Calculate the greatest common factor of 3227300 and 715.
5
What is the greatest common factor of 388 and 246715814?
194
What is the highest common factor of 175 and 4928925?
25
What is the highest common divisor of 11442 and 87317716?
3814
What is the greatest common factor of 13225690 and 2875?
115
What is the greatest common factor of 588024018 and 72285?
14457
Calculate the greatest common divisor of 69538860 and 180.
180
What is the greatest common factor of 5402144 and 123600?
1648
Calculate the greatest common factor of 260 and 10267556.
52
Calculate the greatest common divisor of 715 and 7378943.
143
Calculate the highest common divisor of 55480518 and 1242.
54
What is the greatest common divisor of 325017 and 26618229?
6633
Calculate the highest common factor of 1161 and 1769622.
129
Calculate the highest common factor of 47220 and 7260.
60
What is the highest common divisor of 1819867 and 2176?
17
What is the greatest common divisor of 69350 and 2049986?
2774
What is the highest common factor of 10871 and 6921721?
1553
What is the highest common divisor of 276 and 997302?
6
What is the highest common divisor of 150 and 538860500?
50
Calculate the greatest common divisor of 69628284 and 396.
396
Calculate the greatest common factor of 2831 and 2720442.
149
What is the highest common factor of 1938 and 44?
2
Calculate the highest common factor of 29886 and 580726.
586
Calculate the highest common divisor of 1152 and 1165504.
64
Calculate the highest common factor of 5792416 and 2660.
532
Calculate the highest common divisor of 369512620 and 20.
20
Calculate the greatest common divisor of 111 and 392095623.
111
Calculate the greatest common factor of 90841644 and 9.
9
What 